and 881914?
22
Calculate the greatest common factor of 166432 and 105506.
1486
Calculate the highest common divisor of 100661 and 11.
11
What is the highest common divisor of 145 and 503614?
29
Calculate the highest common divisor of 73996 and 4.
4
Calculate the greatest common divisor of 237 and 651592.
79
Calculate the highest common divisor of 249935 and 1480.
185
What is the highest common divisor of 20268 and 18?
18
Calculate the highest common divisor of 1177 and 30709.
107
Calculate the highest common divisor of 362747 and 231.
77
Calculate the greatest common factor of 30167 and 1555.
311
Calculate the highest common divisor of 7424 and 372128.
928
What is the highest common divisor of 154374 and 176?
22
What is the greatest common factor of 11693 and 743037?
1063
Calculate the highest common factor of 77221 and 136958.
1457
What is the highest common factor of 708 and 2268?
12
What is the highest common factor of 92287 and 66898?
403
Calculate the greatest common divisor of 3099889 and 104.
13
Calculate the highest common factor of 385 and 742.
7
What is the greatest common divisor of 57 and 17632?
19
What is the highest common factor of 34964 and 54?
2
What is the greatest common divisor of 177560 and 10120?
920
What is the greatest common divisor of 180 and 565?
5
What is the highest common divisor of 22 and 14608?
22
Calculate the highest common factor of 330 and 7095.
165
What is the greatest common factor of 1017 and 6903?
9
What is the greatest common divisor of 1224176 and 144?
16
Calculate the greatest common factor of 182628 and 18012.
228
What is the highest common factor of 7936 and 66464?
992
Calculate the greatest common divisor of 2208 and 4347.
69
What is the greatest common factor of 82764 and 988?
76
What is the highest common divisor of 9438 and 594?
66
What is the greatest common factor of 150830 and 10?
10
Calculate the greatest common factor of 890 and 1180.
10
What is the highest common divisor of 3036084 and 12?
12
Calculate the highest common factor of 14 and 2096038.
14
Calculate the highest common divisor of 775262 and 8.
2
What is the highest common divisor of 56 and 443366?
14
What is the greatest common divisor of 3 and 7324?
1
Calculate the greatest common divisor of 21135 and 435.
15
Calculate the highest common divisor of 16999 and 5157.
191
Calculate the greatest common factor of 43017 and 78.
39
What is the greatest common divisor of 589 and 8959?
31
Calculate the highest common divisor of 26 and 35503.
13
Calculate the greatest common divisor of 1480 and 23384.
296
What is the greatest common factor of 9315098 and 52?
26
What is the greatest common factor of 135435 and 210?
15
Calculate the highest common divisor of 1644191 and 43.
43
Calculate the highest common factor of 141 and 207411.
141
Calculate the highest common factor of 2688 and 40.
8
What is the greatest common divisor of 1280 and 128320?
320
Calculate the highest common divisor of 10 and 42556.
2
Calculate the highest common factor of 80 and 12664.
8
What is the highest common divisor of 3294 and 17934?
366
Calculate the greatest common divisor of 39 and 2599077.
39
What is the highest common divisor of 1352 and 56446?
338
What is the highest common divisor of 2 and 512?
2
What is the greatest common factor of 100760 and 1320?
440
Calculate the highest common factor of 175739 and 248.
31
Calculate the greatest common divisor of 2760 and 121762.
46
Calculate the highest common divisor of 229 and 17384764.
229
What is the greatest common divisor of 190725 and 75?
75
What is the highest common divisor of 4431 and 26375?
211
What is the greatest common divisor of 1088 and 5644?
68
What is the greatest common divisor of 1674 and 18432?
18
What is the greatest common divisor of 210829 and 43?
43
Calculate the greatest common divisor of 24 and 1904088.
24
Calculate the greatest common factor of 36 and 5140.
4
What is the highest common factor of 1184 and 1702?
74
Calculate the highest common divisor of 26 and 45539.
13
What is the greatest common factor of 93 and 2027989?
31
Calculate the greatest common divisor of 142712 and 200.
8
Calculate the highest common divisor of 11286 and 36.
18
Calculate the greatest common factor of 212 and 2515274.
106
Calculate the highest common divisor of 1188 and 352.
44
What is the greatest common factor of 3804 and 192?
12
What is the greatest common factor of 20 and 939100?
20
What is the greatest common divisor of 742 and 1166?
106
What is the greatest common factor of 108634 and 232?
58
What is the greatest common factor of 22 and 14668?
2
Calculate the highest common factor of 3060 and 2652.
204
What is the highest common divisor of 104601 and 714?
357
Calculate the greatest common divisor of 190046 and 4676.
334
Calculate the highest common divisor of 1622 and 4.
2
Calculate the highest common divisor of 1470 and 5341.
49
What is the greatest common divisor of 10540 and 180?
20
What is the greatest common factor of 90 and 4146?
6
Calculate the greatest common factor of 2513973 and 3003.
231
What is the highest common divisor of 1062 and 16284?
354
What is the highest common factor of 860 and 8256?
172
What is the highest common divisor of 92395 and 17340?
85
Calculate the highest common factor of 45878 and 3.
1
Calculate the greatest common factor of 21080 and 220.
20
What is the highest common divisor of 32 and 92546?
2
Calculate the greatest common factor of 1035986 and 14.
14
What is the greatest common divisor of 15 and 27051525?
15
What is the greatest common factor of 21 and 76836?
3
Calculate the greatest common factor of 138654 and 54.
18
What is the highest common divisor of 2146 and 7656?
58
Calculate the greatest common factor of 352 and 23705.
11
Calculate the highest common divisor of 108 and 80568.
108
What is the highest common divisor of 278 and 548494?
278
What is the greatest common factor of 32035 and 215?
215
Calculate the highest common divisor of 119 and 1267.
7
Calculate the highest common factor of 456 and 4809660.
228
What is the highest common factor of 8228 and 117612?
484
What is the highest common factor of 6962 and 2832?
118
Calculate the highest common factor of 140812 and 7276.
428
What is the greatest common divisor of 603 and 22646?
67
What is the greatest common factor of 8406 and 40162?
934
What is the highest common factor of 338 and 40391?
169
What is the highest common divisor of 676 and 6487?
13
What is the greatest common factor of 27 and 9?
9
Calculate the highest common factor of 10692 and 55.
11
Calculate the greatest common divisor of 80 and 21880.
40
Calculate the highest common divisor of 3360 and 24352.
32
What is the highest common factor of 51 and 18326?
17
Calculate the greatest common factor of 600 and 13992.
24
Calculate the greatest common divisor of 45 and 3427245.
45
What is the greatest common divisor of 1746856 and 16?
8
Calculate the greatest common factor of 2585 and 5995.
55
Calculate the greatest common divisor of 26284 and 16.
4
What is the greatest common factor of 3332 and 5276222?
1666
Calculate the greatest common divisor of 12847 and 812.
29
Calculate the greatest common factor of 48169 and 154.
11
What is the greatest common divisor of 22136 and 40?
8
What is the highest common divisor of 2148 and 1644?
12
What is the highest common divisor of 142 and 123?
1
Calculate the highest common divisor of 22162 and 18186.
14
What is the highest common factor of 14144 and 34255?
221
Calculate the greatest common divisor of 255150 and 2925.
225
What is the greatest common divisor of 15376 and 5936?
16
Calculate the greatest common factor of 158888 and 48.
8
What is the highest common factor of 36840 and 1480?
40
Calculate the greatest common divisor of 65583 and 162.
27
What is the greatest common factor of 1075 and 520988?
43
What is the greatest common factor of 33602 and 265?
53
Calculate the highest common divisor of 88 and 50992.
8
What is the greatest common divisor of 23 and 411263?
23
What is the greatest common factor of 1011032 and 22?
22
Calculate the greatest common divisor of 1595785 and 179.
179
What is the greatest common factor of 3854 and 52170?
94
Calculate the greatest common factor of 292 and 4099534.
146
What is the high